e 14) to base 8.
44536
3341 (base 5) to base 8
727
What is e1 (base 16) in base 13?
144
617 (base 12) to base 9
1181
What is 255 (base 13) in base 14?
212
-1010000111000011 (base 2) to base 14
-1113d
What is -a57 (base 13) in base 5?
-24022
23243 (base 7) to base 2
1011101001000
546 (base 14) to base 11
868
Convert -875b (base 13) to base 5.
-1100320
-42013 (base 8) to base 7
-101533
What is -1234 (base 9) in base 6?
-4134
What is -6523 (base 8) in base 14?
-1359
-10388 (base 9) to base 11
-5199
Convert 1121332 (base 5) to base 3.
1000201210
What is -175b (base 12) in base 13?
-137c
Convert -411 (base 7) to base 12.
-150
-43234 (base 5) to base 15
-d14
Convert -11c (base 15) to base 6.
-1100
What is -257a (base 12) in base 15?
-13ea
3ba (base 12) to base 14
2d0
What is -8e9 (base 16) in base 14?
-b8d
Convert 1021303 (base 4) to base 5.
122343
Convert 2a63 (base 15) to base 12.
5319
-1233232 (base 6) to base 9
-111612
What is -6214 (base 13) in base 5?
-413122
Convert -61bd (base 16) to base 10.
-25021
What is -3915 (base 12) in base 9?
-8818
Convert -461 (base 7) to base 3.
-22212
130220 (base 4) to base 5
24312
What is -323211 (base 4) in base 16?
-ee5
Convert 89f (base 16) to base 10.
2207
120322 (base 5) to base 8
10556
What is 171 (base 16) in base 10?
369
-31114 (base 7) to base 12
-449a
What is 2130012 (base 4) in base 5?
304430
What is -555 (base 8) in base 2?
-101101101
What is 1111221 (base 4) in base 12?
3209
d6 (base 14) to base 13
116
What is -12111210 (base 3) in base 10?
-4017
15346 (base 7) to base 12
25a1
Convert 761 (base 10) to base 14.
3c5
Convert 30d6 (base 16) to base 3.
122011001
Convert 12211331 (base 4) to base 6.
325005
16a (base 14) to base 13
194
3e (base 16) to base 15
42
Convert 30013 (base 4) to base 14.
3d5
Convert f76 (base 16) to base 15.
128d
What is -cd (base 14) in base 2?
-10110101
-240104 (base 7) to base 12
-2105b
What is -113443 (base 5) in base 2?
-1000010011000
Convert 12220 (base 11) to base 2.
100010010011111
Convert -101002 (base 3) to base 2.
-100010000
Convert 433 (base 15) to base 2.
1110110100
What is 1322 (base 4) in base 2?
1111010
-3987 (base 14) to base 6
-114455
Convert -202120 (base 3) to base 16.
-22b
What is -2464 (base 14) in base 11?
-4862
What is 153545 (base 6) in base 15?
4728
What is -101001001111 (base 2) in base 6?
-20115
What is -232254 (base 6) in base 4?
-10320022
14c1 (base 14) to base 16
e71
What is -930 (base 13) in base 4?
-120120
983 (base 10) to base 5
12413
Convert 421 (base 12) to base 13.
373
What is 16467 (base 9) in base 16?
2c38
1456 (base 7) to base 3
210111
-4a3 (base 13) to base 16
-329
Convert 174 (base 14) to base 10.
298
Convert -10131 (base 7) to base 14.
-c88
-21a (base 13) to base 8
-551
What is 1253 (base 7) in base 10?
479
What is -3200 (base 4) in base 6?
-1012
Convert 267a (base 13) to base 14.
2017
-11022201 (base 3) to base 8
-6117
What is 4ab3 (base 13) in base 10?
10624
What is 491 (base 10) in base 3?
200012
Convert -29693 (base 10) to base 6.
-345245
174 (base 15) to base 11
284
What is -432031 (base 5) in base 4?
-3210301
What is -7743 (base 11) in base 9?
-15005
Convert 10200021 (base 3) to base 13.
12b2
What is -26d (base 15) in base 4?
-20221
Convert -9a6 (base 12) to base 5.
-21142
Convert -1001222 (base 3) to base 8.
-1416
Convert 100100 (base 3) to base 5.
2002
-8151 (base 10) to base 13
-3930
1013313 (base 4) to base 7
16260
341114 (base 5) to base 11
9050
Convert a04 (base 13) to base 5.
23234
34321 (base 5) to base 6
15221
Convert -43b (base 13) to base 4.
-23112
Convert 1cc0 (base 14) to base 3.
21012222
What is 441 (base 12) in base 10?
625
-81 (base 16) to base 3
-11210
Convert 172 (base 12) to base 11.
19a
Convert 111001011100011 (base 2) to base 13.
10505
Convert 1143 (base 5) to base 2.
10101101
Convert -101220221 (base 3) to base 5.
-223323
What is -27a0 (base 12) in base 15?
-1559
10011011011001 (base 2) to base 12
5909
-12162 (base 8) to base 3
-21011212
Convert -2333 (base 6) to base 10.
-561
What is -10665 (base 13) in base 5?
-1422113
1000100101000101 (base 2) to base 12
18405
What is -480 (base 10) in base 3?
-122210
-14411 (base 5) to base 12
-867
What is -bb3 (base 14) in base 13?
-108c
What is -13212022 (base 4) in base 6?
-400014
9a6 (base 16) to base 7
10126
What is -103 (base 15) in base 11?
-198
What is 2343 (base 5) in base 3?
110220
46606 (base 8) to base 14
7338
Convert -1001101 (base 2) to base 12.
-65
11386 (base 10) to base 13
524b
What is -10001000111010 (base 2) in base 12?
-50a2
What is -ba6 (base 12) in base 13?
-a17
-2050 (base 9) to base 13
-8b8
What is -52c (base 16) in base 10?
-1324
-20212 (base 4) to base 11
-460
-110 (base 9) to base 16
-5a
What is 10023202 (base 4) in base 2?
100001011100010
What is -13420 (base 7) in base 4?
-320320
-16257 (base 10) to base 8
-37601
-1012 (base 6) to base 8
-340
Convert 336 (base 15) to base 10.
726
What is -6b3 (base 12) in base 4?
-33213
-475 (base 13) to base 2
-1100000100
What is -343223 (base 6) in base 7?
-151161
-1769 (base 12) to base 15
-c7c
Convert -2226 (base 9) to base 3.
-2020220
Convert 327 (base 13) to base 10.
540
What is -12989 (base 10) in base 8?
-31275
-51650 (base 7) to base 13
-5a02
Convert -3bb8 (base 16) to base 5.
-442123
What is -61542 (base 9) in base 14?
-10ab8
Convert -1346 (base 7) to base 16.
-20c
42030 (base 11) to base 4
32331023
54878 (base 9) to base 10
36440
What is 83 (base 10) in base 12?
6b
What is 65134 (base 9) in base 13?
16822
-193 (base 15) to base 16
-16b
What is 110001001000 (base 2) in base 15?
de9
What is -158 (base 16) in base 7?
-1001
What is 41075 (base 9) in base 6?
325105
Convert 5da (base 14) to base 5.
14142
Convert 1a36 (base 14) to base 4.
1022100
584 (base 10) to base 2
1001001000
What is 47 (base 14) in base 6?
143
What is 62304 (base 7) in base 13?
6c27
Convert 665 (base 10) to base 14.
357
102222101 (base 3) to base 4
2020123
-1557 (base 9) to base 14
-60a
Convert 16a5 (base 11) to base 7.
6222
18c6 (base 14) to base 9
6134
Convert 326 (base 16) to base 6.
3422
Convert -4531 (base 6) to base 5.
-13223
215 (base 14) to base 10
411
Convert 135 (base 13) to base 11.
184
Convert 102102 (base 4) to base 6.
5230
Convert -1571 (base 8) to base 6.
-4041
What is 3048 (base 10) in base 7?
11613
2274 (base 15) to base 6
53501
What is 1a8 (base 14) in base 5?
2334
What is -11011010011001 (base 2) in base 13?
-6492
Convert -110111 (base 2) to base 16.
-37
What is -311320 (base 4) in base 12?
-1bb4
Convert 10434 (base 5) to base 4.
23220
What is 238 (base 16) in base 10?
568
Convert 20103111 (base 4) to base 3.
1201122110
Convert 2a96 (base 14) to base 16.
1d9c
2000003 (base 4) to base 7
32615
Convert 1c (base 14) to base 8.
32
Convert 12541 (base 6) to base 3.
2122121
Convert 22203133 (base 4) to base 11.
2a531
34 (base 7) to base 10
25
Convert 446 (base 7) to base 14.
126
What is b8b (base 12) in base 13?
a01
-15641 (base 12) to base 8
-73121
Convert -26a (base 15) to base 3.
-202101
4ab (base 14) to base 15
425
24344 (base 5) to base 12
10a1
What is -471 (base 11) in base 2?
-1000110010
What is 98e8 (base 15) in base 12?
168b5
Convert -896 (base 14) to base 3.
-2022222
100101001 (base 3) to base 13
3157
What is f2c1 (base 16) in base 7?
346116
What is -8259 (base 15) in base 4?
-12232032
Convert -4ca (base 14) to base 15.
-442
What is -84a (base 13) in base 4?
-112012
Convert -1010110011 (base 2) to base 15.
-311
Convert 2234 (base 5) to base 16.
13f
What is 134142 (base 7) in base 16?
6375
Convert 220012002 (base 3) to base 13.
8045
-44043 (base 7) to base 6
-122543
What is 11010022 (base 3) in base 14?
1149
Convert 1333 (base 16) to base 5.
124130
Convert 278 (base 13) to base 16.
1b5
671a (base 13) to base 8
34064
2650 (base 10) to base 15
bba
What is -345 (base 11) in base 4?
-12130
a90 (base 15) to base 11
1879
2334 (base 5) to base 11
293
What is -1726 (base 14) in base 2?
-1000000110110
What is 530 (base 9) in base 14?
22c
What is -1121111 (base 3) in base 16?
-496
What is -7322 (base 10) in base 15?
-2282
69ca (base 15) to base 13
a2c1
Convert -10323 (base 6) to base 2.
-10110001011
Convert -35a (base 13) to base 4.
-21012
1310030 (base 4) to base 8
16414
Convert -2466 (base 7) to base 6.
-4150
Convert 